 is the units digit of 498439919?
9
What is the thousands digit of 149684923?
4
What is the millions digit of 2287811530?
7
What is the millions digit of 33690496?
3
What is the hundreds digit of 61292896?
8
What is the ten thousands digit of 4448631314?
3
What is the millions digit of 1831314?
1
What is the ten thousands digit of 309437346?
3
What is the units digit of 59296435?
5
What is the units digit of 322758587?
7
What is the billions digit of 2507045071?
2
What is the hundred thousands digit of 69264928?
2
What is the hundred thousands digit of 18655386?
6
What is the hundred thousands digit of 2721818355?
8
What is the ten millions digit of 774935780?
7
What is the units digit of 7446544602?
2
What is the billions digit of 6172609884?
6
What is the hundred millions digit of 379727536?
3
What is the units digit of 310258071?
1
What is the thousands digit of 168125724?
5
What is the units digit of 2052544947?
7
What is the thousands digit of 6661674755?
4
What is the thousands digit of 1102310876?
0
What is the ten millions digit of 6029823571?
2
What is the billions digit of 1124504342?
1
What is the hundreds digit of 43814579?
5
What is the tens digit of 60356759?
5
What is the ten millions digit of 254255076?
5
What is the hundreds digit of 33227837?
8
What is the millions digit of 38075035?
8
What is the ten thousands digit of 14112462?
1
What is the tens digit of 654642518?
1
What is the tens digit of 125402824?
2
What is the ten thousands digit of 46436659?
3
What is the ten millions digit of 5287930176?
8
What is the ten thousands digit of 121433025?
3
What is the thousands digit of 322839740?
9
What is the thousands digit of 7334968074?
8
What is the millions digit of 13095386?
3
What is the hundred thousands digit of 34266409?
2
What is the hundreds digit of 1481299?
2
What is the billions digit of 1322329941?
1
What is the units digit of 62659371?
1
What is the thousands digit of 378802719?
2
What is the thousands digit of 822732681?
2
What is the tens digit of 467481740?
4
What is the ten millions digit of 284478987?
8
What is the tens digit of 1607830223?
2
What is the ten thousands digit of 137009029?
0
What is the units digit of 413293872?
2
What is the ten thousands digit of 109677483?
7
What is the ten thousands digit of 126855004?
5
What is the ten thousands digit of 13557684?
5
What is the units digit of 1196266684?
4
What is the units digit of 59949896?
6
What is the units digit of 36555619?
9
What is the units digit of 5497507670?
0
What is the ten thousands digit of 111198540?
9
What is the billions digit of 4843573204?
4
What is the thousands digit of 411859724?
9
What is the units digit of 930737113?
3
What is the thousands digit of 1310720734?
0
What is the millions digit of 396491310?
6
What is the units digit of 23644179?
9
What is the tens digit of 25143664?
6
What is the billions digit of 4511948413?
4
What is the units digit of 656825675?
5
What is the millions digit of 1565060480?
5
What is the ten thousands digit of 148671281?
7
What is the millions digit of 1825265803?
5
What is the tens digit of 139929555?
5
What is the thousands digit of 51124990?
4
What is the units digit of 50284777?
7
What is the hundred millions digit of 3986247974?
9
What is the thousands digit of 1742741114?
1
What is the hundreds digit of 7047566158?
1
What is the ten thousands digit of 762292988?
9
What is the hundred thousands digit of 41822282?
8
What is the millions digit of 8801824805?
1
What is the ten thousands digit of 53383942?
8
What is the hundreds digit of 408165542?
5
What is the hundred millions digit of 277001059?
2
What is the thousands digit of 7277762308?
2
What is the hundred thousands digit of 1742488741?
4
What is the ten millions digit of 63790093?
6
What is the units digit of 78266961?
1
What is the hundreds digit of 1159605181?
1
What is the hundred thousands digit of 71491967?
4
What is the hundred millions digit of 1687814652?
6
What is the hundreds digit of 65392339?
3
What is the hundreds digit of 295259110?
1
What is the tens digit of 19751220?
2
What is the hundreds digit of 652707163?
1
What is the tens digit of 11999821?
2
What is the hundred thousands digit of 318220443?
2
What is the millions digit of 68852353?
8
What is the hundred thousands digit of 2168562662?
5
What is the ten millions digit of 151042014?
5
What is the hundred thousands digit of 785500027?
5
What is the hundred millions digit of 877175140?
8
What is the millions digit of 246712805?
6
What is the thousands digit of 303801115?
1
What is the hundred millions digit of 203861743?
2
What is the hundred thousands digit of 2032492227?
4
What is the tens digit of 371531709?
0
What is the units digit of 111344013?
3
What is the millions digit of 324759558?
4
What is the thousands digit of 283064956?
4
What is the ten millions digit of 233263984?
3
What is the ten thousands digit of 37219987?
1
What is the ten thousands digit of 5154951144?
5
What is the tens digit of 283687755?
5
What is the units digit of 411279055?
5
What is the tens digit of 45263442?
4
What is the thousands digit of 294507362?
7
What is the ten millions digit of 50560797?
5
What is the units digit of 376160562?
2
What is the ten thousands digit of 247920610?
2
What is the thousands digit of 1780350275?
0
What is the tens digit of 341872626?
2
What is the thousands digit of 699498195?
8
What is the units digit of 119866575?
5
What is the thousands digit of 1077905448?
5
What is the units digit of 1122717652?
2
What is the tens digit of 67376739?
3
What is the millions digit of 1532436327?
2
What is the ten thousands digit of 2620013494?
1
What is the millions digit of 691800319?
1
What is the units digit of 19731996?
6
What is the thousands digit of 83779860?
9
What is the ten thousands digit of 333581982?
8
What is the tens digit of 1581401090?
9
What is the hundred thousands digit of 211716149?
7
What is the tens digit of 113350485?
8
What is the tens digit of 988745710?
1
What is the billions digit of 8819786600?
8
What is the billions digit of 1079799739?
1
What is the millions digit of 1425320535?
5
What is the hundred millions digit of 228236817?
2
What is the tens digit of 102968072?
7
What is the hundred thousands digit of 94930623?
9
What is the ten thousands digit of 872316450?
1
What is the units digit of 85410438?
8
What is the thousands digit of 24398628?
8
What is the ten millions digit of 85566877?
8
What is the units digit of 198472354?
4
What is the units digit of 649853209?
9
What is the hundred thousands digit of 58411813?
4
What is the hundreds digit of 38752228?
2
What is the units digit of 900699482?
2
What is the hundred thousands digit of 88917938?
9
What is the units digit of 29895351?
1
What is the tens digit of 81647627?
2
What is the units digit of 387022105?
5
What is the millions digit of 53440514?
3
What is the units digit of 726146395?
5
What is the thousands digit of 168332712?
2
What is the millions digit of 191594208?
1
What is the thousands digit of 5920230943?
0
What is the units digit of 2305234307?
7
What is the ten thousands digit of 1838786693?
8
What is the hundred millions digit of 4089250660?
0
What is the units digit of 25554715?
5
What is the thousands digit of 27008180?
8
What is the ten millions digit of 3725039815?
2
What is the units digit of 93876599?
9
What is the units digit of 25061638?
8
What is the hundred thousands digit of 77053092?
0
What is the units digit of 1299436123?
3
What is the tens digit of 577808215?
1
What is the millions digit of 24108228?
4
What is the hundred thousands digit of 815977789?
9
What is the hundred thousands digit of 120628659?
6
What is the units digit of 226310432?
2
What is the tens digit of 135020438?
3
What is the units digit of 1297839228?
8
What is the tens digit of 88863568?
6
What is the hundred millions digit of 113034190?
1
What is the hundred thousands digit of 23196351?
1
What is the ten millions digit of 647021236?
4
What is the thousands digit of 5444242604?
2
What is the millions digit of 3495996304?
5
What is the ten millions digit of 914552863?
1
What is the thousands digit of 99075981?
5
What is the hundred thousands digit of 5618523937?
5
What is the tens di